{"id":348,"date":"2019-10-02T16:18:08","date_gmt":"2019-10-02T14:18:08","guid":{"rendered":"https:\/\/estudi-xv.cat\/?page_id=348"},"modified":"2019-10-03T09:39:03","modified_gmt":"2019-10-03T07:39:03","slug":"sobre-nosotros","status":"publish","type":"page","link":"https:\/\/estudi-xv.cat\/es\/sobre-nosotros\/","title":{"rendered":"Sobre nosotros"},"content":{"rendered":"\n<style type=\"text\/css\" data-created_by=\"avia_inline_auto\" id=\"style-css-av-av_one_fifth-15d750bd1b332b34c6e70b077ebbccdf\">\n.flex_column.av-av_one_fifth-15d750bd1b332b34c6e70b077ebbccdf{\n-webkit-border-radius:0px 0px 0px 0px;\n-moz-border-radius:0px 0px 0px 0px;\nborder-radius:0px 0px 0px 0px;\npadding:0px 0px 0px 0px;\n}\n<\/style>\n<div  class='flex_column av-av_one_fifth-15d750bd1b332b34c6e70b077ebbccdf av_one_fifth  avia-builder-el-0  el_before_av_three_fifth  avia-builder-el-first  first flex_column_div av-zero-column-padding  '     ><\/div>\n\n<style type=\"text\/css\" data-created_by=\"avia_inline_auto\" id=\"style-css-av-av_three_fifth-c8fc129dc35fd1ae2a1e410224d39ea8\">\n.flex_column.av-av_three_fifth-c8fc129dc35fd1ae2a1e410224d39ea8{\n-webkit-border-radius:0px 0px 0px 0px;\n-moz-border-radius:0px 0px 0px 0px;\nborder-radius:0px 0px 0px 0px;\npadding:0px 0px 0px 0px;\n}\n<\/style>\n<div  class='flex_column av-av_three_fifth-c8fc129dc35fd1ae2a1e410224d39ea8 av_three_fifth  avia-builder-el-1  el_after_av_one_fifth  avia-builder-el-last  flex_column_div av-zero-column-padding  '     ><p>\n<style type=\"text\/css\" data-created_by=\"avia_inline_auto\" id=\"style-css-av-av_heading-6d44d08607d397325779a5a25dc0debd\">\n#top .av-special-heading.av-av_heading-6d44d08607d397325779a5a25dc0debd{\npadding-bottom:10px;\n}\nbody .av-special-heading.av-av_heading-6d44d08607d397325779a5a25dc0debd .av-special-heading-tag .heading-char{\nfont-size:25px;\n}\n.av-special-heading.av-av_heading-6d44d08607d397325779a5a25dc0debd .av-subheading{\nfont-size:15px;\n}\n<\/style>\n<div  class='av-special-heading av-av_heading-6d44d08607d397325779a5a25dc0debd av-special-heading-h2 blockquote modern-quote modern-centered  avia-builder-el-2  el_before_av_textblock  avia-builder-el-first '><h2 class='av-special-heading-tag'  itemprop=\"headline\"  >Sobre nosotros<\/h2><div class=\"special-heading-border\"><div class=\"special-heading-inner-border\"><\/div><\/div><\/div><br \/>\n<section  class='av_textblock_section av-av_textblock-2de302bf1aa3cf4c9157dbe6f50ac7eb '   itemscope=\"itemscope\" itemtype=\"https:\/\/schema.org\/CreativeWork\" ><div class='avia_textblock'  itemprop=\"text\" ><p style=\"text-align: center;\">\u2022 <strong>F. Xavier Saura Manich<\/strong>, Arquitecto Superior titulado por la ETSAB en el a\u00f1o 1998, colegiado n\u00ba 352518\/1 por el COAC, especialista en Estructuras, trabajando en diferentes empresas de este \u00e1mbito desde el 1991, juntamente con <strong>Vict\u00f2ria Figuerola P\u00e9rez<\/strong>, Arquitecta Superior titulada por la ETSAB en el a\u00f1o 1995, colegiada n\u00ba 26719\/8 por el COAC, son los socios fundadores de la empresa <strong><span style=\"font-family: BankGothicBT-Medium;\">ESTUDI-XV<\/span><\/strong>, en el a\u00f1o 2006.<\/p>\n<p style=\"text-align: center;\">\u2022 La empresa <strong><span style=\"font-family: BankGothicBT-Medium;\">ESTUDI-XV<\/span><\/strong>, se dedica desde sus inicios, al c\u00e1lculo y dise\u00f1o de estructuras arquitect\u00f3nicas para obra nueva, reforma y rehabilitaci\u00f3n, diagnosis estructural y estudio de patolog\u00edas, as\u00ed como colaboraciones en el desarrollo de proyectos de arquitectura.<\/p>\n<p style=\"text-align: center;\">\u2022 En el a\u00f1o 2010 se incorpora como socio de <strong><span style=\"font-family: BankGothicBT-Medium;\">ESTUDI-XV<\/span>, Xavier Masip Forns<\/strong>, Delineante Proyectista en Edificios y Obras, titulado en el a\u00f1o 1999 por el ETP Clot, colegiado n\u00ba 2703B por el COLTSPB.<\/p>\n<p style=\"text-align: center;\">\u2022 <strong><span style=\"font-family: BankGothicBT-Medium;\">ESTUDI-XV<\/span><\/strong> ampli\u00f3 sus campos de actuaci\u00f3n y, adem\u00e1s de abarcar todo lo referente al \u00e1mbito de las estructuras, se dedica a la redacci\u00f3n y direcci\u00f3n de obra de proyectos de arquitectura de obra nueva, reforma y rehabilitaci\u00f3n y a otros trabajos relacionados.<\/p>\n<p style=\"text-align: center;\">\u2022 <strong><span style=\"font-family: BankGothicBT-Medium;\">ESTUDI-XV<\/span><\/strong> en la su actual sede, cuenta en su equipo con la colaboraci\u00f3n de becarios y arquitectos, adem\u00e1s de trabajar estrechamente con profesionales de otras especialidades, as\u00ed como con arquitectos t\u00e9cnicos. Disponemos de Seguro de Responsabilidad Civil.<\/p>\n<\/div><\/section><br \/>\n\n<style type=\"text\/css\" data-created_by=\"avia_inline_auto\" id=\"style-css-av-av_hr-5ea7596238ed9f191e6b5e662093052f\">\n#top .hr.hr-invisible.av-av_hr-5ea7596238ed9f191e6b5e662093052f{\nheight:30px;\n}\n<\/style>\n<div  class='hr av-av_hr-5ea7596238ed9f191e6b5e662093052f hr-invisible  avia-builder-el-4  el_after_av_textblock  el_before_av_button '><span class='hr-inner '><span class=\"hr-inner-style\"><\/span><\/span><\/div><br \/>\n<div  class='avia-button-wrap av-av_button-ca5b6c9624c32e01b8e792314b4da07c-wrap avia-button-center  avia-builder-el-5  el_after_av_hr  avia-builder-el-last '><a href='https:\/\/estudi-xv.cat\/es\/contacto\/'  class='avia-button av-av_button-ca5b6c9624c32e01b8e792314b4da07c avia-icon_select-no avia-size-large avia-position-center avia-color-theme-color'  ><span class='avia_iconbox_title' >Datos de contacto<\/span><\/a><\/div><\/p><\/div>\n","protected":false},"excerpt":{"rendered":"","protected":false},"author":1,"featured_media":0,"parent":0,"menu_order":400,"comment_status":"closed","ping_status":"closed","template":"","meta":[],"yoast_head":"<!-- This site is optimized with the Yoast SEO plugin v20.9 - https:\/\/yoast.com\/wordpress\/plugins\/seo\/ -->\n<title>Estudi-XV - Sobre nosotros<\/title>\n<meta name=\"description\" content=\"F. Xavier Saura Manich, Arquitecto Superior titulado por la ETSAB en el a\u00f1o 1998, colegiado n\u00ba 352518\/1 por el COAC, especialista en Estructuras\" \/>\n<meta name=\"robots\" content=\"index, follow, max-snippet:-1, max-image-preview:large, max-video-preview:-1\" \/>\n<link rel=\"canonical\" href=\"https:\/\/estudi-xv.cat\/es\/sobre-nosotros\/\" \/>\n<meta name=\"twitter:label1\" content=\"Tiempo de lectura\" \/>\n\t<meta name=\"twitter:data1\" content=\"2 minutos\" \/>\n<script type=\"application\/ld+json\" class=\"yoast-schema-graph\">{\"@context\":\"https:\/\/schema.org\",\"@graph\":[{\"@type\":\"WebPage\",\"@id\":\"https:\/\/estudi-xv.cat\/es\/sobre-nosotros\/\",\"url\":\"https:\/\/estudi-xv.cat\/es\/sobre-nosotros\/\",\"name\":\"Estudi-XV - Sobre nosotros\",\"isPartOf\":{\"@id\":\"https:\/\/estudi-xv.cat\/#website\"},\"datePublished\":\"2019-10-02T14:18:08+00:00\",\"dateModified\":\"2019-10-03T07:39:03+00:00\",\"description\":\"F. Xavier Saura Manich, Arquitecto Superior titulado por la ETSAB en el a\u00f1o 1998, colegiado n\u00ba 352518\/1 por el COAC, especialista en Estructuras\",\"breadcrumb\":{\"@id\":\"https:\/\/estudi-xv.cat\/es\/sobre-nosotros\/#breadcrumb\"},\"inLanguage\":\"es\",\"potentialAction\":[{\"@type\":\"ReadAction\",\"target\":[\"https:\/\/estudi-xv.cat\/es\/sobre-nosotros\/\"]}]},{\"@type\":\"BreadcrumbList\",\"@id\":\"https:\/\/estudi-xv.cat\/es\/sobre-nosotros\/#breadcrumb\",\"itemListElement\":[{\"@type\":\"ListItem\",\"position\":1,\"name\":\"Portada\",\"item\":\"https:\/\/estudi-xv.cat\/es\/\"},{\"@type\":\"ListItem\",\"position\":2,\"name\":\"Sobre nosotros\"}]},{\"@type\":\"WebSite\",\"@id\":\"https:\/\/estudi-xv.cat\/#website\",\"url\":\"https:\/\/estudi-xv.cat\/\",\"name\":\"ESTUDI-XV\",\"description\":\"ESTUDI-XV\",\"potentialAction\":[{\"@type\":\"SearchAction\",\"target\":{\"@type\":\"EntryPoint\",\"urlTemplate\":\"https:\/\/estudi-xv.cat\/?s={search_term_string}\"},\"query-input\":\"required name=search_term_string\"}],\"inLanguage\":\"es\"}]}<\/script>\n<!-- \/ Yoast SEO plugin. -->","yoast_head_json":{"title":"Estudi-XV - Sobre nosotros","description":"F. Xavier Saura Manich, Arquitecto Superior titulado por la ETSAB en el a\u00f1o 1998, colegiado n\u00ba 352518\/1 por el COAC, especialista en Estructuras","robots":{"index":"index","follow":"follow","max-snippet":"max-snippet:-1","max-image-preview":"max-image-preview:large","max-video-preview":"max-video-preview:-1"},"canonical":"https:\/\/estudi-xv.cat\/es\/sobre-nosotros\/","twitter_misc":{"Tiempo de lectura":"2 minutos"},"schema":{"@context":"https:\/\/schema.org","@graph":[{"@type":"WebPage","@id":"https:\/\/estudi-xv.cat\/es\/sobre-nosotros\/","url":"https:\/\/estudi-xv.cat\/es\/sobre-nosotros\/","name":"Estudi-XV - Sobre nosotros","isPartOf":{"@id":"https:\/\/estudi-xv.cat\/#website"},"datePublished":"2019-10-02T14:18:08+00:00","dateModified":"2019-10-03T07:39:03+00:00","description":"F. Xavier Saura Manich, Arquitecto Superior titulado por la ETSAB en el a\u00f1o 1998, colegiado n\u00ba 352518\/1 por el COAC, especialista en Estructuras","breadcrumb":{"@id":"https:\/\/estudi-xv.cat\/es\/sobre-nosotros\/#breadcrumb"},"inLanguage":"es","potentialAction":[{"@type":"ReadAction","target":["https:\/\/estudi-xv.cat\/es\/sobre-nosotros\/"]}]},{"@type":"BreadcrumbList","@id":"https:\/\/estudi-xv.cat\/es\/sobre-nosotros\/#breadcrumb","itemListElement":[{"@type":"ListItem","position":1,"name":"Portada","item":"https:\/\/estudi-xv.cat\/es\/"},{"@type":"ListItem","position":2,"name":"Sobre nosotros"}]},{"@type":"WebSite","@id":"https:\/\/estudi-xv.cat\/#website","url":"https:\/\/estudi-xv.cat\/","name":"ESTUDI-XV","description":"ESTUDI-XV","potentialAction":[{"@type":"SearchAction","target":{"@type":"EntryPoint","urlTemplate":"https:\/\/estudi-xv.cat\/?s={search_term_string}"},"query-input":"required name=search_term_string"}],"inLanguage":"es"}]}},"_links":{"self":[{"href":"https:\/\/estudi-xv.cat\/es\/wp-json\/wp\/v2\/pages\/348"}],"collection":[{"href":"https:\/\/estudi-xv.cat\/es\/wp-json\/wp\/v2\/pages"}],"about":[{"href":"https:\/\/estudi-xv.cat\/es\/wp-json\/wp\/v2\/types\/page"}],"author":[{"embeddable":true,"href":"https:\/\/estudi-xv.cat\/es\/wp-json\/wp\/v2\/users\/1"}],"replies":[{"embeddable":true,"href":"https:\/\/estudi-xv.cat\/es\/wp-json\/wp\/v2\/comments?post=348"}],"version-history":[{"count":5,"href":"https:\/\/estudi-xv.cat\/es\/wp-json\/wp\/v2\/pages\/348\/revisions"}],"predecessor-version":[{"id":395,"href":"https:\/\/estudi-xv.cat\/es\/wp-json\/wp\/v2\/pages\/348\/revisions\/395"}],"wp:attachment":[{"href":"https:\/\/estudi-xv.cat\/es\/wp-json\/wp\/v2\/media?parent=348"}],"curies":[{"name":"wp","href":"https:\/\/api.w.org\/{rel}","templated":true}]}}

<style type="text/css" data-created_by="avia_inline_auto" id="style-css-av-av_one_fifth-15d750bd1b332b34c6e70b077ebbccdf">
.flex_column.av-av_one_fifth-15d750bd1b332b34c6e70b077ebbccdf{
-webkit-border-radius:0px 0px 0px 0px;
-moz-border-radius:0px 0px 0px 0px;
border-radius:0px 0px 0px 0px;
padding:0px 0px 0px 0px;
}
</style>
<div  class='flex_column av-av_one_fifth-15d750bd1b332b34c6e70b077ebbccdf av_one_fifth  avia-builder-el-0  el_before_av_three_fifth  avia-builder-el-first  first flex_column_div av-zero-column-padding  '     ></div>

<style type="text/css" data-created_by="avia_inline_auto" id="style-css-av-av_three_fifth-c8fc129dc35fd1ae2a1e410224d39ea8">
.flex_column.av-av_three_fifth-c8fc129dc35fd1ae2a1e410224d39ea8{
-webkit-border-radius:0px 0px 0px 0px;
-moz-border-radius:0px 0px 0px 0px;
border-radius:0px 0px 0px 0px;
padding:0px 0px 0px 0px;
}
</style>
<div  class='flex_column av-av_three_fifth-c8fc129dc35fd1ae2a1e410224d39ea8 av_three_fifth  avia-builder-el-1  el_after_av_one_fifth  avia-builder-el-last  flex_column_div av-zero-column-padding  '     ><p>
<style type="text/css" data-created_by="avia_inline_auto" id="style-css-av-av_heading-6d44d08607d397325779a5a25dc0debd">
#top .av-special-heading.av-av_heading-6d44d08607d397325779a5a25dc0debd{
padding-bottom:10px;
}
body .av-special-heading.av-av_heading-6d44d08607d397325779a5a25dc0debd .av-special-heading-tag .heading-char{
font-size:25px;
}
.av-special-heading.av-av_heading-6d44d08607d397325779a5a25dc0debd .av-subheading{
font-size:15px;
}
</style>
<div  class='av-special-heading av-av_heading-6d44d08607d397325779a5a25dc0debd av-special-heading-h2 blockquote modern-quote modern-centered  avia-builder-el-2  el_before_av_textblock  avia-builder-el-first '><h2 class='av-special-heading-tag'  itemprop="headline"  >Sobre nosotros</h2><div class="special-heading-border"><div class="special-heading-inner-border"></div></div></div><br />
<section  class='av_textblock_section av-av_textblock-2de302bf1aa3cf4c9157dbe6f50ac7eb '   itemscope="itemscope" itemtype="https://schema.org/CreativeWork" ><div class='avia_textblock'  itemprop="text" ><p style="text-align: center;">• <strong>F. Xavier Saura Manich</strong>, Arquitecto Superior titulado por la ETSAB en el año 1998, colegiado nº 352518/1 por el COAC, especialista en Estructuras, trabajando en diferentes empresas de este ámbito desde el 1991, juntamente con <strong>Victòria Figuerola Pérez</strong>, Arquitecta Superior titulada por la ETSAB en el año 1995, colegiada nº 26719/8 por el COAC, son los socios fundadores de la empresa <strong><span style="font-family: BankGothicBT-Medium;">ESTUDI-XV</span></strong>, en el año 2006.</p>
<p style="text-align: center;">• La empresa <strong><span style="font-family: BankGothicBT-Medium;">ESTUDI-XV</span></strong>, se dedica desde sus inicios, al cálculo y diseño de estructuras arquitectónicas para obra nueva, reforma y rehabilitación, diagnosis estructural y estudio de patologías, así como colaboraciones en el desarrollo de proyectos de arquitectura.</p>
<p style="text-align: center;">• En el año 2010 se incorpora como socio de <strong><span style="font-family: BankGothicBT-Medium;">ESTUDI-XV</span>, Xavier Masip Forns</strong>, Delineante Proyectista en Edificios y Obras, titulado en el año 1999 por el ETP Clot, colegiado nº 2703B por el COLTSPB.</p>
<p style="text-align: center;">• <strong><span style="font-family: BankGothicBT-Medium;">ESTUDI-XV</span></strong> amplió sus campos de actuación y, además de abarcar todo lo referente al ámbito de las estructuras, se dedica a la redacción y dirección de obra de proyectos de arquitectura de obra nueva, reforma y rehabilitación y a otros trabajos relacionados.</p>
<p style="text-align: center;">• <strong><span style="font-family: BankGothicBT-Medium;">ESTUDI-XV</span></strong> en la su actual sede, cuenta en su equipo con la colaboración de becarios y arquitectos, además de trabajar estrechamente con profesionales de otras especialidades, así como con arquitectos técnicos. Disponemos de Seguro de Responsabilidad Civil.</p>
</div></section><br />

<style type="text/css" data-created_by="avia_inline_auto" id="style-css-av-av_hr-5ea7596238ed9f191e6b5e662093052f">
#top .hr.hr-invisible.av-av_hr-5ea7596238ed9f191e6b5e662093052f{
height:30px;
}
</style>
<div  class='hr av-av_hr-5ea7596238ed9f191e6b5e662093052f hr-invisible  avia-builder-el-4  el_after_av_textblock  el_before_av_button '><span class='hr-inner '><span class="hr-inner-style"></span></span></div><br />
<div  class='avia-button-wrap av-av_button-ca5b6c9624c32e01b8e792314b4da07c-wrap avia-button-center  avia-builder-el-5  el_after_av_hr  avia-builder-el-last '><a href='https://estudi-xv.cat/es/contacto/'  class='avia-button av-av_button-ca5b6c9624c32e01b8e792314b4da07c avia-icon_select-no avia-size-large avia-position-center avia-color-theme-color'  ><span class='avia_iconbox_title' >Datos de contacto</span></a></div></p></div>

<!-- This site is optimized with the Yoast SEO plugin v20.9 - https://yoast.com/wordpress/plugins/seo/ -->
<title>Estudi-XV - Sobre nosotros</title>
<meta name="description" content="F. Xavier Saura Manich, Arquitecto Superior titulado por la ETSAB en el año 1998, colegiado nº 352518/1 por el COAC, especialista en Estructuras" />
<meta name="robots" content="index, follow, max-snippet:-1, max-image-preview:large, max-video-preview:-1" />
<link rel="canonical" href="https://estudi-xv.cat/es/sobre-nosotros/" />
<meta name="twitter:label1" content="Tiempo de lectura" />
	<meta name="twitter:data1" content="2 minutos" />
<script type="application/ld+json" class="yoast-schema-graph">{"@context":"https://schema.org","@graph":[{"@type":"WebPage","@id":"https://estudi-xv.cat/es/sobre-nosotros/","url":"https://estudi-xv.cat/es/sobre-nosotros/","name":"Estudi-XV - Sobre nosotros","isPartOf":{"@id":"https://estudi-xv.cat/#website"},"datePublished":"2019-10-02T14:18:08+00:00","dateModified":"2019-10-03T07:39:03+00:00","description":"F. Xavier Saura Manich, Arquitecto Superior titulado por la ETSAB en el año 1998, colegiado nº 352518/1 por el COAC, especialista en Estructuras","breadcrumb":{"@id":"https://estudi-xv.cat/es/sobre-nosotros/#breadcrumb"},"inLanguage":"es","potentialAction":[{"@type":"ReadAction","target":["https://estudi-xv.cat/es/sobre-nosotros/"]}]},{"@type":"BreadcrumbList","@id":"https://estudi-xv.cat/es/sobre-nosotros/#breadcrumb","itemListElement":[{"@type":"ListItem","position":1,"name":"Portada","item":"https://estudi-xv.cat/es/"},{"@type":"ListItem","position":2,"name":"Sobre nosotros"}]},{"@type":"WebSite","@id":"https://estudi-xv.cat/#website","url":"https://estudi-xv.cat/","name":"ESTUDI-XV","description":"ESTUDI-XV","potentialAction":[{"@type":"SearchAction","target":{"@type":"EntryPoint","urlTemplate":"https://estudi-xv.cat/?s={search_term_string}"},"query-input":"required name=search_term_string"}],"inLanguage":"es"}]}</script>
<!-- / Yoast SEO plugin. -->

F. Xavier Saura Manich, Arquitecto Superior titulado por la ETSAB en el año 1998, colegiado nº 352518/1 por el COAC, especialista en Estructuras
